{"id":22850,"date":"2024-02-01T14:54:58","date_gmt":"2024-02-01T13:54:58","guid":{"rendered":"https:\/\/www.plus-de-bulles.com\/blog\/?page_id=22850"},"modified":"2024-06-24T14:40:46","modified_gmt":"2024-06-24T12:40:46","slug":"note-legali","status":"publish","type":"page","link":"https:\/\/www.plus-de-bulles.it\/blog\/note-legali\/","title":{"rendered":"Note Legali"},"content":{"rendered":"\n[et_pb_section fb_built=&#8221;1&#8243; _builder_version=&#8221;4.23&#8243; _module_preset=&#8221;default&#8221; global_colors_info=&#8221;{}&#8221;][et_pb_row _builder_version=&#8221;4.23&#8243; _module_preset=&#8221;default&#8221; global_colors_info=&#8221;{}&#8221;][et_pb_column type=&#8221;4_4&#8243; _builder_version=&#8221;4.23&#8243; _module_preset=&#8221;default&#8221; global_colors_info=&#8221;{}&#8221;][et_pb_text _builder_version=&#8221;4.23&#8243; _module_preset=&#8221;default&#8221; text_font_size=&#8221;15px&#8221; hover_enabled=&#8221;0&#8243; global_colors_info=&#8221;{}&#8221; sticky_enabled=&#8221;0&#8243;]<h1 style=\"font-weight: 500;\">Note legali<\/h1>\n<h3><\/h3>\n<p>&nbsp;<\/p>\n<h3><\/h3>\n<h3>Politica di protezione della privacy<\/h3>\n<p>&nbsp;<\/p>\n<p>Nell&#8217;ambito del funzionamento normale del sito Plus-de-Bulles.it, siamo tenuti a conservare informazioni necessarie alla nostra relazione commerciale con il cliente. Queste informazioni sono descritte esaustivamente qui: non registriamo alcuna informazione all&#8217;insaputa dell&#8217;utente.<\/p>\n<p>Al fine di consentire un ordine e un monitoraggio efficaci, memorizziamo nel database le seguenti informazioni:<\/p>\n<ul>\n<li>Nome e cognome, titolo, data di nascita.<\/li>\n<li>Indirizzo postale completo: numero, strada, citt\u00e0, codice postale, paese.<\/li>\n<li>Numero di telefono fisso e mobile.<\/li>\n<li>Recensioni pubblicate sul sito.<\/li>\n<li>Carrelli completati, preventivi ricevuti e ordini effettuati.<\/li>\n<li>Scambi telefonici, chat e mail con il servizio clienti.<\/li>\n<\/ul>\n<p>Questi dati sono necessari per:<\/p>\n<ul>\n<li>Adempiere ai nostri obblighi legali di lotta contro il riciclaggio di denaro, la frode, assicurandoci dell&#8217;identit\u00e0 e dell&#8217;indirizzo delle persone.<\/li>\n<li>Spedire i prodotti quando l&#8217;acquisto viene effettuato online.<\/li>\n<li>Permettere ai nostri consulenti di clientela di offrirvi un consiglio personalizzato consultando la vostra cronologia di acquisti e preventivi.<\/li>\n<\/ul>\n<p>Plus-de-Bulles conserva questi dati su server acquistati o noleggiati da noi e presso alcuni partner (Avis V\u00e9rifi\u00e9s, iAdvize). Questi server sono ospitati presso i nostri partner di hosting, OVH (Francia), Gandi (Francia) e Amazon Web Services (Zona di Francoforte, Germania). Nessun dato viene memorizzato al di fuori dell&#8217;Unione Europea.<\/p>\n<p>I dati di attivit\u00e0 dell&#8217;account (acquisti, preventivi, fatture, trasporti) sono conservati per 10 anni decorso dalla data dell&#8217;evento. Questa durata \u00e8 richiesta dalla legge francese, che prevede di conservare per 10 anni, a titolo probatorio, gli elementi relativi alla fatturazione (articolo L. 123-22 comma 2 del codice di commercio). Questi dati non sono venduti a nessun fornitore esterno.<\/p>\n<p>CRM360 \u00e8 un subappaltatore per l&#8217;invio di newsletter alle persone che hanno accettato questi invii. Le e-mail inviate contengono un link di disiscrizione.<\/p>\n<p>&nbsp;<\/p>\n<h3 style=\"font-weight: 500;\">Politica di gestione dei cookie<\/h3>\n<p>&nbsp;<\/p>\n<p>Quando visitate il Sito Web, potremmo inserire piccole informazioni sul vostro computer chiamate &#8220;cookie&#8221;, che verranno memorizzate dal vostro browser sul vostro disco rigido. Questi cookie ci consentono in particolare di:<\/p>\n<ul>\n<li>Assicurare il corretto funzionamento del nostro Sito Web e migliorare la vostra esperienza di acquisto,<\/li>\n<li>Analizzare il nostro traffico e ottimizzare le prestazioni del nostro sito Web,<\/li>\n<li>Proporre contenuti personalizzati e adattati ai vostri interessi,<\/li>\n<li>Proporre pubblicit\u00e0 mirate sul nostro Sito Web e al di fuori di esso, in particolare sui social network, nonch\u00e9 pubblicit\u00e0 in base alla vostra posizione.<\/li>\n<\/ul>\n<p><b><strong><\/strong><\/b><\/p>\n<p><b><strong>Quali sono i cookie che utilizziamo?<\/strong><\/b><\/p>\n<p>Utilizziamo i seguenti cookie:<\/p>\n<ul>\n<li><b><strong>Cookie tecnici relativi alle funzionalit\u00e0 del Sito Web (obbligatorio)<\/strong><\/b><\/li>\n<\/ul>\n<p>Questi cookie sono essenziali per il corretto funzionamento del nostro Sito Web e non possono essere impostati. Questi cookie vi consentono di navigare nel Sito Web, di utilizzarne le funzionalit\u00e0 e di registrare le vostre preferenze, come la lingua utilizzata, l&#8217;accesso al vostro account, i prodotti aggiunti nel carrello di acquisto&#8230; e di proteggere il nostro Sito Web da eventuali frodi mediante analisi predittive. In caso di sospetto di frode da parte dei nostri sistemi, che vi impedisca di effettuare un ordine sul Sito web, sarete immediatamente informati e avrete quindi la possibilit\u00e0 di contattare il servizio clienti per ottenere la revisione del vostro pagamento.<\/p>\n<ul>\n<li><b><strong>Cookie di analisi del Sito Web<\/strong><\/b><\/li>\n<\/ul>\n<p>Questi cookie, detti di prestazioni, ci consentono di misurare la frequenza del Sito Web (numero di visite, pagine visualizzate, fonti del traffico&#8230;), di analizzare la vostra navigazione sul Sito Web e le vostre reazioni ai prodotti che proponiamo, al fine di ottimizzarne le prestazioni. Raccolgono informazioni sulla navigazione effettuata dal visitatore sul Sito Web, al fine di aiutarci a migliorare l&#8217;ergonomia e le funzionalit\u00e0 del sito. Accettando questi cookie, contribuite al miglioramento del nostro Sito Web.<\/p>\n<ul>\n<li><b><strong>Cookie relativi alle vostre preferenze (Esperienza e relazione)<\/strong><\/b><\/li>\n<\/ul>\n<p>Quando navigate o effettuate acquisti online, il Sito Web memorizza le vostre preferenze. Ci\u00f2 semplifica, facilita e personalizza la vostra esperienza di navigazione per rispondere al meglio alle vostre preferenze e aspettative. Questi cookie ci consentono di proporvi contenuti sul sito, nelle e-mail che vi vengono inviate o in negozio in linea con le vostre aspettative e preferenze. Possono anche consentire di testare e migliorare l&#8217;ergonomia del sito. Senza questi cookie, l&#8217;utilizzo del sito pu\u00f2 essere rallentato e la pertinenza delle raccomandazioni limitata.<\/p>\n<ul>\n<li><b><strong>Cookie di targeting o pubblicitari (Marketing &amp; Social network):<\/strong><\/b><\/li>\n<\/ul>\n<p>Questi cookie vengono utilizzati per diffondere annunci che vi interessano sul nostro sito e al di fuori di esso, compresi i social network. Questi cookie limitano il numero di volte che vedete un annuncio e ci aiutano a misurare l&#8217;efficacia delle nostre campagne pubblicitarie. Recuperano alcune informazioni per targetizzare meglio le pubblicit\u00e0 in base ai vostri interessi. Se disattivate questi cookie, continueranno ad essere visualizzate pubblicit\u00e0 (compresi i nostri) durante la navigazione, ma non terranno conto dei vostri interessi e saranno quindi meno pertinenti.<\/p>\n<p><b><strong><\/strong><\/b><\/p>\n<p><b><strong>Come accettare o rifiutare il deposito dei cookie?<\/strong><\/b><\/p>\n<p>La registrazione dei cookie sul vostro terminale dipende dalla vostra scelta, fatta eccezione per i cookie di funzionamento e sicurezza che sono necessari per il corretto funzionamento del nostro Sito Web. I cookie vengono registrati per una durata di <b><strong>13 mesi<\/strong><\/b>.<\/p>\n<p>Potete disattivare i cookie in modo autonomo adattando le impostazioni del vostro browser, ma tenete presente che disattivando i cookie, potreste non essere in grado di utilizzare tutte le funzionalit\u00e0 del Sito Web.<\/p>\n<p>&nbsp;<\/p>\n<h3 style=\"font-weight: 500;\">Note legali<\/h3>\n<p>&nbsp;<\/p>\n<p>Minori: ai sensi dell&#8217;ordinanza n. 59-107 del 7 gennaio 1959 e della legge n. 74-631 del 5 luglio 1974, la vendita di alcolici a minori di 18 anni \u00e8 vietata. Ogni persona che ordina vino su Plus-de-Bulles.it si impegna quindi ad avere 18 anni compiuti alla data dell&#8217;ordine.<\/p>\n<p>Abuso di alcol: l&#8217;abuso di alcol \u00e8 pericoloso per la salute. Pertanto, consumatelo e apprezzatelo con moderazione.<\/p>\n<p>Informatica e libert\u00e0: ai sensi della legge 78-17 del 6 gennaio 1978, avete il diritto di accedere e rettificare i dati personali che vi riguardano. Per esercitarlo, avete accesso diretto al vostro account personale online. Potete anche rivolgervi a Plus-de-Bulles.it &#8211; 29 rue de Mars, 51100 Reims.<\/p>\n<p>Le informazioni che vi riguardano sono destinate al sito Plus de Bulles.it.<\/p>\n<p>Ragione sociale: Plus de Bulles<\/p>\n<p>Insegna: Plus de Bulles<\/p>\n<p>Forma giuridica e capitale sociale: SARL con un capitale di 1735 euro<\/p>\n<p>Gerente: Benjamin Cherri\u00e8re<\/p>\n<p>Sede legale: 29 rue de Mars, 51100 Reims<\/p>\n<p>Telefono: 09 75 18 60 26<\/p>\n<p>E-mail: contact (at) plus-de-bulles (punto) com<\/p>\n<p>Partita IVA intracomunitaria: FR 61497905349<\/p>\n<p>Siret: 49790534900013<\/p>\n<p>Numero di dichiarazione CNIL: 1249585<\/p>\n<p>&nbsp;<\/p>\n<p>Direttore della pubblicazione: Benjamin Cherri\u00e8re<\/p>\n<p>&nbsp;<\/p>\n<p>Sito ospitato da OVH, 2 rue Kellermann 59100 Roubaix<\/p>[\/et_pb_text][\/et_pb_column][\/et_pb_row][\/et_pb_section]\n","protected":false},"excerpt":{"rendered":"<p>Note legali &nbsp; Politica di protezione della privacy &nbsp; Nell&#8217;ambito del funzionamento normale del sito Plus-de-Bulles.it, siamo tenuti a conservare informazioni necessarie alla nostra relazione commerciale con il cliente. Queste informazioni sono descritte esaustivamente qui: non registriamo alcuna informazione all&#8217;insaputa dell&#8217;utente. Al fine di consentire un ordine e un monitoraggio efficaci, memorizziamo nel database le [&hellip;]<\/p>\n","protected":false},"author":1,"featured_media":0,"parent":0,"menu_order":0,"comment_status":"closed","ping_status":"closed","template":"","meta":{"_et_pb_use_builder":"on","_et_pb_old_content":"","_et_gb_content_width":"","footnotes":""},"yoast_head":"<!-- This site is optimized with the Yoast SEO plugin v20.4 - https:\/\/yoast.com\/wordpress\/plugins\/seo\/ -->\n<title>Note Legali<\/title>\n<meta name=\"robots\" content=\"index, follow, max-snippet:-1, max-image-preview:large, max-video-preview:-1\" \/>\n<link rel=\"canonical\" href=\"https:\/\/www.plus-de-bulles.it\/blog\/note-legali\/\" \/>\n<meta property=\"og:locale\" content=\"it_IT\" \/>\n<meta property=\"og:type\" content=\"article\" \/>\n<meta property=\"og:title\" content=\"Note Legali\" \/>\n<meta property=\"og:description\" content=\"Note legali &nbsp; Politica di protezione della privacy &nbsp; Nell&#039;ambito del funzionamento normale del sito Plus-de-Bulles.it, siamo tenuti a conservare informazioni necessarie alla nostra relazione commerciale con il cliente. Queste informazioni sono descritte esaustivamente qui: non registriamo alcuna informazione all&#039;insaputa dell&#039;utente. Al fine di consentire un ordine e un monitoraggio efficaci, memorizziamo nel database le [&hellip;]\" \/>\n<meta property=\"og:url\" content=\"https:\/\/www.plus-de-bulles.it\/blog\/note-legali\/\" \/>\n<meta property=\"og:site_name\" content=\"Pi\u00f9 consigli su Bulles\" \/>\n<meta property=\"article:modified_time\" content=\"2024-06-24T12:40:46+00:00\" \/>\n<meta name=\"twitter:card\" content=\"summary_large_image\" \/>\n<meta name=\"twitter:label1\" content=\"Est. reading time\" \/>\n\t<meta name=\"twitter:data1\" content=\"6 minuti\" \/>\n<script type=\"application\/ld+json\" class=\"yoast-schema-graph\">{\"@context\":\"https:\/\/schema.org\",\"@graph\":[{\"@type\":\"WebPage\",\"@id\":\"https:\/\/www.plus-de-bulles.it\/blog\/note-legali\/\",\"url\":\"https:\/\/www.plus-de-bulles.it\/blog\/note-legali\/\",\"name\":\"Note Legali\",\"isPartOf\":{\"@id\":\"https:\/\/www.plus-de-bulles.it\/blog\/#website\"},\"datePublished\":\"2024-02-01T13:54:58+00:00\",\"dateModified\":\"2024-06-24T12:40:46+00:00\",\"breadcrumb\":{\"@id\":\"https:\/\/www.plus-de-bulles.it\/blog\/note-legali\/#breadcrumb\"},\"inLanguage\":\"it-IT\",\"potentialAction\":[{\"@type\":\"ReadAction\",\"target\":[\"https:\/\/www.plus-de-bulles.it\/blog\/note-legali\/\"]}]},{\"@type\":\"BreadcrumbList\",\"@id\":\"https:\/\/www.plus-de-bulles.it\/blog\/note-legali\/#breadcrumb\",\"itemListElement\":[{\"@type\":\"ListItem\",\"position\":1,\"name\":\"Home\",\"item\":\"https:\/\/www.plus-de-bulles.it\/blog\/\"},{\"@type\":\"ListItem\",\"position\":2,\"name\":\"Note Legali\"}]},{\"@type\":\"WebSite\",\"@id\":\"https:\/\/www.plus-de-bulles.it\/blog\/#website\",\"url\":\"https:\/\/www.plus-de-bulles.it\/blog\/\",\"name\":\"Pi\u00f9 consigli su Bulles\",\"description\":\"\",\"potentialAction\":[{\"@type\":\"SearchAction\",\"target\":{\"@type\":\"EntryPoint\",\"urlTemplate\":\"https:\/\/www.plus-de-bulles.it\/blog\/?s={search_term_string}\"},\"query-input\":\"required name=search_term_string\"}],\"inLanguage\":\"it-IT\"}]}<\/script>\n<!-- \/ Yoast SEO plugin. -->","yoast_head_json":{"title":"Note Legali","robots":{"index":"index","follow":"follow","max-snippet":"max-snippet:-1","max-image-preview":"max-image-preview:large","max-video-preview":"max-video-preview:-1"},"canonical":"https:\/\/www.plus-de-bulles.it\/blog\/note-legali\/","og_locale":"it_IT","og_type":"article","og_title":"Note Legali","og_description":"Note legali &nbsp; Politica di protezione della privacy &nbsp; Nell'ambito del funzionamento normale del sito Plus-de-Bulles.it, siamo tenuti a conservare informazioni necessarie alla nostra relazione commerciale con il cliente. Queste informazioni sono descritte esaustivamente qui: non registriamo alcuna informazione all'insaputa dell'utente. Al fine di consentire un ordine e un monitoraggio efficaci, memorizziamo nel database le [&hellip;]","og_url":"https:\/\/www.plus-de-bulles.it\/blog\/note-legali\/","og_site_name":"Pi\u00f9 consigli su Bulles","article_modified_time":"2024-06-24T12:40:46+00:00","twitter_card":"summary_large_image","twitter_misc":{"Est. reading time":"6 minuti"},"schema":{"@context":"https:\/\/schema.org","@graph":[{"@type":"WebPage","@id":"https:\/\/www.plus-de-bulles.it\/blog\/note-legali\/","url":"https:\/\/www.plus-de-bulles.it\/blog\/note-legali\/","name":"Note Legali","isPartOf":{"@id":"https:\/\/www.plus-de-bulles.it\/blog\/#website"},"datePublished":"2024-02-01T13:54:58+00:00","dateModified":"2024-06-24T12:40:46+00:00","breadcrumb":{"@id":"https:\/\/www.plus-de-bulles.it\/blog\/note-legali\/#breadcrumb"},"inLanguage":"it-IT","potentialAction":[{"@type":"ReadAction","target":["https:\/\/www.plus-de-bulles.it\/blog\/note-legali\/"]}]},{"@type":"BreadcrumbList","@id":"https:\/\/www.plus-de-bulles.it\/blog\/note-legali\/#breadcrumb","itemListElement":[{"@type":"ListItem","position":1,"name":"Home","item":"https:\/\/www.plus-de-bulles.it\/blog\/"},{"@type":"ListItem","position":2,"name":"Note Legali"}]},{"@type":"WebSite","@id":"https:\/\/www.plus-de-bulles.it\/blog\/#website","url":"https:\/\/www.plus-de-bulles.it\/blog\/","name":"Pi\u00f9 consigli su Bulles","description":"","potentialAction":[{"@type":"SearchAction","target":{"@type":"EntryPoint","urlTemplate":"https:\/\/www.plus-de-bulles.it\/blog\/?s={search_term_string}"},"query-input":"required name=search_term_string"}],"inLanguage":"it-IT"}]}},"_links":{"self":[{"href":"https:\/\/www.plus-de-bulles.it\/blog\/wp-json\/wp\/v2\/pages\/22850"}],"collection":[{"href":"https:\/\/www.plus-de-bulles.it\/blog\/wp-json\/wp\/v2\/pages"}],"about":[{"href":"https:\/\/www.plus-de-bulles.it\/blog\/wp-json\/wp\/v2\/types\/page"}],"author":[{"embeddable":true,"href":"https:\/\/www.plus-de-bulles.it\/blog\/wp-json\/wp\/v2\/users\/1"}],"replies":[{"embeddable":true,"href":"https:\/\/www.plus-de-bulles.it\/blog\/wp-json\/wp\/v2\/comments?post=22850"}],"version-history":[{"count":4,"href":"https:\/\/www.plus-de-bulles.it\/blog\/wp-json\/wp\/v2\/pages\/22850\/revisions"}],"predecessor-version":[{"id":26306,"href":"https:\/\/www.plus-de-bulles.it\/blog\/wp-json\/wp\/v2\/pages\/22850\/revisions\/26306"}],"wp:attachment":[{"href":"https:\/\/www.plus-de-bulles.it\/blog\/wp-json\/wp\/v2\/media?parent=22850"}],"curies":[{"name":"wp","href":"https:\/\/api.w.org\/{rel}","templated":true}]}}